{"id":1395,"date":"2023-09-15T18:55:57","date_gmt":"2023-09-15T21:55:57","guid":{"rendered":"https:\/\/clubperfora.com\/?page_id=1395"},"modified":"2024-03-05T07:08:37","modified_gmt":"2024-03-05T10:08:37","slug":"patin","status":"publish","type":"page","link":"https:\/\/clubperfora.com\/index.php\/patin\/","title":{"rendered":"Patin"},"content":{"rendered":"\t\t<div data-elementor-type=\"wp-page\" data-elementor-id=\"1395\" class=\"elementor elementor-1395\">\n\t\t\t\t\t\t<section class=\"elementor-section elementor-top-section elementor-element elementor-element-0abd6ca elementor-section-boxed elementor-section-height-default elementor-section-height-default\" data-id=\"0abd6ca\" data-element_type=\"section\" data-e-type=\"section\">\n\t\t\t\t\t\t<div class=\"elementor-container elementor-column-gap-default\">\n\t\t\t\t\t<div class=\"elementor-column elementor-col-100 elementor-top-column elementor-element elementor-element-28d3f87\" data-id=\"28d3f87\" data-element_type=\"column\" data-e-type=\"column\">\n\t\t\t<div class=\"elementor-widget-wrap\">\n\t\t\t\t\t\t\t<\/div>\n\t\t<\/div>\n\t\t\t\t\t<\/div>\n\t\t<\/section>\n\t\t\t\t<section class=\"elementor-section elementor-top-section elementor-element elementor-element-e8649ae elementor-section-full_width elementor-section-height-default elementor-section-height-default elementor-invisible\" data-id=\"e8649ae\" data-element_type=\"section\" data-e-type=\"section\" data-settings=\"{&quot;background_background&quot;:&quot;classic&quot;,&quot;animation&quot;:&quot;fadeInUp&quot;}\">\n\t\t\t\t\t\t<div class=\"elementor-container elementor-column-gap-no\">\n\t\t\t\t\t<div class=\"elementor-column elementor-col-50 elementor-top-column elementor-element elementor-element-8f9cb16\" data-id=\"8f9cb16\" data-element_type=\"column\" data-e-type=\"column\" data-settings=\"{&quot;background_background&quot;:&quot;classic&quot;}\">\n\t\t\t<div class=\"elementor-widget-wrap elementor-element-populated\">\n\t\t\t\t\t\t<div class=\"elementor-element elementor-element-2d63789 elementor-widget elementor-widget-heading\" data-id=\"2d63789\" data-element_type=\"widget\" data-e-type=\"widget\" data-widget_type=\"heading.default\">\n\t\t\t\t<div class=\"elementor-widget-container\">\n\t\t\t\t\t<p class=\"elementor-heading-title elementor-size-default\">A partir de 7 a\u00f1os<\/p>\t\t\t\t<\/div>\n\t\t\t\t<\/div>\n\t\t\t\t<div class=\"elementor-element elementor-element-848bdc4 elementor-invisible elementor-widget elementor-widget-heading\" data-id=\"848bdc4\" data-element_type=\"widget\" data-e-type=\"widget\" data-settings=\"{&quot;_animation&quot;:&quot;slideInLeft&quot;,&quot;_animation_delay&quot;:500}\" data-widget_type=\"heading.default\">\n\t\t\t\t<div class=\"elementor-widget-container\">\n\t\t\t\t\t<h2 class=\"elementor-heading-title elementor-size-default\">Pat\u00edn Art\u00edstico<\/h2>\t\t\t\t<\/div>\n\t\t\t\t<\/div>\n\t\t\t\t<div class=\"elementor-element elementor-element-ffd6eca oew-divider-center elementor-widget elementor-widget-oew-divider\" data-id=\"ffd6eca\" data-element_type=\"widget\" data-e-type=\"widget\" data-widget_type=\"oew-divider.default\">\n\t\t\t\t<div class=\"elementor-widget-container\">\n\t\t\t\t\t\r\n\t\t<div class=\"oew-divider-wrap\">\r\n\t\t\t<div class=\"oew-divider oew-divider-before\"><\/div>\r\n\t\t\t<div class=\"oew-divider-middle\">\r\n\t\t\t\t\t\t\t\t\t<h3 class=\"oew-divider-text\">\r\n\t\t\t\t\t\tGimnasio Sierras Blancas\t\t\t\t\t<\/h3>\r\n\t\t\t\t\t\t\t\t<\/div>\r\n\t\t\t<div class=\"oew-divider oew-divider-after\"><\/div>\r\n\t\t<\/div>\r\n\r\n\t\t\t\t\t\t<\/div>\n\t\t\t\t<\/div>\n\t\t\t\t<div class=\"elementor-element elementor-element-021c14f elementor-widget elementor-widget-heading\" data-id=\"021c14f\" data-element_type=\"widget\" data-e-type=\"widget\" data-widget_type=\"heading.default\">\n\t\t\t\t<div class=\"elementor-widget-container\">\n\t\t\t\t\t<p class=\"elementor-heading-title elementor-size-default\"><a href=\"https:\/\/clubperfora.com\/index.php\/horarios\/\">Horarios<\/a><\/p>\t\t\t\t<\/div>\n\t\t\t\t<\/div>\n\t\t\t\t<div class=\"elementor-element elementor-element-3fb5bb2 elementor-view-default elementor-widget elementor-widget-icon\" data-id=\"3fb5bb2\" data-element_type=\"widget\" data-e-type=\"widget\" data-widget_type=\"icon.default\">\n\t\t\t\t<div class=\"elementor-widget-container\">\n\t\t\t\t\t\t\t<div class=\"elementor-icon-wrapper\">\n\t\t\t<a class=\"elementor-icon\" href=\"https:\/\/wa.link\/5m73l6%20\">\n\t\t\t<i aria-hidden=\"true\" class=\"fab fa-whatsapp\"><\/i>\t\t\t<\/a>\n\t\t<\/div>\n\t\t\t\t\t\t<\/div>\n\t\t\t\t<\/div>\n\t\t\t\t\t<\/div>\n\t\t<\/div>\n\t\t\t\t<div class=\"elementor-column elementor-col-50 elementor-top-column elementor-element elementor-element-19fb6fc\" data-id=\"19fb6fc\" data-element_type=\"column\" data-e-type=\"column\" data-settings=\"{&quot;background_background&quot;:&quot;classic&quot;}\">\n\t\t\t<div class=\"elementor-widget-wrap elementor-element-populated\">\n\t\t\t\t\t\t<div class=\"elementor-element elementor-element-1c66d80 elementor-widget elementor-widget-image\" data-id=\"1c66d80\" data-element_type=\"widget\" data-e-type=\"widget\" data-widget_type=\"image.default\">\n\t\t\t\t<div class=\"elementor-widget-container\">\n\t\t\t\t\t\t\t\t\t\t\t\t\t\t\t<img fetchpriority=\"high\" decoding=\"async\" width=\"576\" height=\"1024\" src=\"https:\/\/clubperfora.com\/wp-content\/uploads\/2023\/11\/facebook_1700701250203_7133258056533680019-576x1024.jpg\" class=\"attachment-large size-large wp-image-1841\" alt=\"\" \/>\t\t\t\t\t\t\t\t\t\t\t\t\t\t\t<\/div>\n\t\t\t\t<\/div>\n\t\t\t\t<div class=\"elementor-element elementor-element-28a0fd0 elementor-widget elementor-widget-text-editor\" data-id=\"28a0fd0\" data-element_type=\"widget\" data-e-type=\"widget\" data-widget_type=\"text-editor.default\">\n\t\t\t\t<div class=\"elementor-widget-container\">\n\t\t\t\t\t\t\t\t\t<p><b>Historia y Fundaci\u00f3n:<\/b><span style=\"font-weight: 400;\"> El Club Perfora abri\u00f3 las puertas a la actividad de patinaje art\u00edstico en el a\u00f1o 2004, tras las privatizaciones que marcaron la historia de Plaza Huincul. Actualmente, cuenta con una subcomisi\u00f3n de pat\u00edn que coordina estrechamente con la comisi\u00f3n del club para asegurar el \u00f3ptimo funcionamiento deportivo.<\/span><\/p>\t\t\t\t\t\t\t\t<\/div>\n\t\t\t\t<\/div>\n\t\t\t\t\t<\/div>\n\t\t<\/div>\n\t\t\t\t\t<\/div>\n\t\t<\/section>\n\t\t\t\t<section class=\"elementor-section elementor-top-section elementor-element elementor-element-540e712 elementor-section-full_width elementor-section-height-default elementor-section-height-default\" data-id=\"540e712\" data-element_type=\"section\" data-e-type=\"section\" data-settings=\"{&quot;background_background&quot;:&quot;classic&quot;}\">\n\t\t\t\t\t\t<div class=\"elementor-container elementor-column-gap-no\">\n\t\t\t\t\t<div class=\"elementor-column elementor-col-50 elementor-top-column elementor-element elementor-element-61b9d65\" data-id=\"61b9d65\" data-element_type=\"column\" data-e-type=\"column\" data-settings=\"{&quot;background_background&quot;:&quot;classic&quot;}\">\n\t\t\t<div class=\"elementor-widget-wrap elementor-element-populated\">\n\t\t\t\t\t\t<div class=\"elementor-element elementor-element-c605abe elementor-widget elementor-widget-image\" data-id=\"c605abe\" data-element_type=\"widget\" data-e-type=\"widget\" data-widget_type=\"image.default\">\n\t\t\t\t<div class=\"elementor-widget-container\">\n\t\t\t\t\t\t\t\t\t\t\t\t\t\t\t<img decoding=\"async\" width=\"681\" height=\"1024\" src=\"https:\/\/clubperfora.com\/wp-content\/uploads\/2023\/11\/facebook_1700701196871_7133257832843636267-681x1024.jpg\" class=\"attachment-large size-large wp-image-1855\" alt=\"\" srcset=\"https:\/\/clubperfora.com\/wp-content\/uploads\/2023\/11\/facebook_1700701196871_7133257832843636267-681x1024.jpg 681w, https:\/\/clubperfora.com\/wp-content\/uploads\/2023\/11\/facebook_1700701196871_7133257832843636267-200x300.jpg 200w, https:\/\/clubperfora.com\/wp-content\/uploads\/2023\/11\/facebook_1700701196871_7133257832843636267-768x1154.jpg 768w, https:\/\/clubperfora.com\/wp-content\/uploads\/2023\/11\/facebook_1700701196871_7133257832843636267-600x902.jpg 600w, https:\/\/clubperfora.com\/wp-content\/uploads\/2023\/11\/facebook_1700701196871_7133257832843636267.jpg 1006w\" sizes=\"(max-width: 681px) 100vw, 681px\" \/>\t\t\t\t\t\t\t\t\t\t\t\t\t\t\t<\/div>\n\t\t\t\t<\/div>\n\t\t\t\t\t<\/div>\n\t\t<\/div>\n\t\t\t\t<div class=\"elementor-column elementor-col-50 elementor-top-column elementor-element elementor-element-217f8f0\" data-id=\"217f8f0\" data-element_type=\"column\" data-e-type=\"column\" data-settings=\"{&quot;background_background&quot;:&quot;classic&quot;}\">\n\t\t\t<div class=\"elementor-widget-wrap elementor-element-populated\">\n\t\t\t\t\t\t<div class=\"elementor-element elementor-element-cf1e065 elementor-widget elementor-widget-text-editor\" data-id=\"cf1e065\" data-element_type=\"widget\" data-e-type=\"widget\" data-widget_type=\"text-editor.default\">\n\t\t\t\t<div class=\"elementor-widget-container\">\n\t\t\t\t\t\t\t\t\t<p><span style=\"text-decoration: underline;\"><b>Responsables de la Actividad:<\/b><\/span><span style=\"font-weight: 400;\"> La actividad de patinaje art\u00edstico est\u00e1 bajo la direcci\u00f3n de la se\u00f1ora Mabel Aguilar, t\u00e9cnica con 30 a\u00f1os de experiencia, y Moyrin Ochoa, especialista en coreograf\u00edas y danzas. Este equipo de profesionales aporta su experiencia y dedicaci\u00f3n para el desarrollo integral de los patinadores.<\/span><\/p><p><span style=\"text-decoration: underline;\"><b>Caracter\u00edsticas del Patinaje Art\u00edstico:<\/b><\/span><span style=\"font-weight: 400;\"> El patinaje art\u00edstico, una mezcla \u00fanica de arte y deporte, requiere paciencia y comprensi\u00f3n tanto del atleta como del t\u00e9cnico, especialmente de las familias involucradas. Es una disciplina que va m\u00e1s all\u00e1 del rendimiento deportivo, abrazando la expresi\u00f3n art\u00edstica y el trabajo en equipo.<\/span><\/p><p><span style=\"text-decoration: underline;\"><b>Logros y Participaciones:<\/b><\/span><span style=\"font-weight: 400;\"> A lo largo de los a\u00f1os, la escuela de patinaje art\u00edstico del Club Perfora ha participado activamente en todas las instancias, desde competiciones municipales hasta eventos internacionales. Destacamos logros como el campeonato sudamericano en danzas con Abril Serrano y la destacada actuaci\u00f3n de Nara Silva Carrasco en instancias internacionales. A nivel nacional, hemos tenido campeonas en las especialidades de libre escuela y danzas, coloc\u00e1ndonos consistentemente en los podios principales.<\/span><\/p><p><span style=\"text-decoration: underline;\"><b>Federaci\u00f3n y Participaci\u00f3n Federada:<\/b><\/span><span style=\"font-weight: 400;\"> La actividad de patinaje art\u00edstico del Club Perfora est\u00e1 federada en la Federaci\u00f3n del Comahue, lo que permite a nuestros talentosos patinadores participar en eventos a nivel federado.<\/span><\/p><p><span style=\"text-decoration: underline;\"><b>Logros Recientes:<\/b><\/span><span style=\"font-weight: 400;\"> En las \u00faltimas actuaciones, destacamos el subcampeonato nacional de danzas de Tania Maldonado y el 5to puesto de Antonella Velarde en la misma especialidad. Participamos tambi\u00e9n en la especialidad libre, destac\u00e1ndonos en el torneo nacional en el estadio Ruca Che.<\/span><\/p><p><span style=\"text-decoration: underline;\"><b>\u00c9xito a Nivel Regional y Provincial:<\/b><\/span><span style=\"font-weight: 400;\"> A nivel regional, todas las atletas de la escuela de pat\u00edn se clasificaron para el nacional de la categor\u00eda, y Dana Garrido alcanz\u00f3 el campeonato regional en la especialidad libre. A nivel provincial, nuestras patinadoras han logrado destacadas actuaciones, figurando en los podios principales y contribuyendo al crecimiento atl\u00e9tico de la escuela de patinaje del Club Perfora.<\/span><\/p>\t\t\t\t\t\t\t\t<\/div>\n\t\t\t\t<\/div>\n\t\t\t\t\t<\/div>\n\t\t<\/div>\n\t\t\t\t\t<\/div>\n\t\t<\/section>\n\t\t\t\t<\/div>\n\t\t","protected":false},"excerpt":{"rendered":"<p>A partir de 7 a\u00f1os Pat\u00edn Art\u00edstico Gimnasio Sierras Blancas Horarios Historia y Fundaci\u00f3n: El Club Perfora abri\u00f3 las puertas a la actividad de patinaje art\u00edstico en el a\u00f1o 2004, [&hellip;]<\/p>\n","protected":false},"author":1,"featured_media":0,"parent":0,"menu_order":0,"comment_status":"closed","ping_status":"closed","template":"","meta":{"ocean_post_layout":"","ocean_both_sidebars_style":"","ocean_both_sidebars_content_width":0,"ocean_both_sidebars_sidebars_width":0,"ocean_sidebar":"","ocean_second_sidebar":"","ocean_disable_margins":"enable","ocean_add_body_class":"","ocean_shortcode_before_top_bar":"","ocean_shortcode_after_top_bar":"","ocean_shortcode_before_header":"","ocean_shortcode_after_header":"","ocean_has_shortcode":"","ocean_shortcode_after_title":"","ocean_shortcode_before_footer_widgets":"","ocean_shortcode_after_footer_widgets":"","ocean_shortcode_before_footer_bottom":"","ocean_shortcode_after_footer_bottom":"","ocean_display_top_bar":"default","ocean_display_header":"default","ocean_header_style":"","ocean_center_header_left_menu":"","ocean_custom_header_template":"","ocean_custom_logo":0,"ocean_custom_retina_logo":0,"ocean_custom_logo_max_width":0,"ocean_custom_logo_tablet_max_width":0,"ocean_custom_logo_mobile_max_width":0,"ocean_custom_logo_max_height":0,"ocean_custom_logo_tablet_max_height":0,"ocean_custom_logo_mobile_max_height":0,"ocean_header_custom_menu":"","ocean_menu_typo_font_family":"","ocean_menu_typo_font_subset":"","ocean_menu_typo_font_size":0,"ocean_menu_typo_font_size_tablet":0,"ocean_menu_typo_font_size_mobile":0,"ocean_menu_typo_font_size_unit":"px","ocean_menu_typo_font_weight":"","ocean_menu_typo_font_weight_tablet":"","ocean_menu_typo_font_weight_mobile":"","ocean_menu_typo_transform":"","ocean_menu_typo_transform_tablet":"","ocean_menu_typo_transform_mobile":"","ocean_menu_typo_line_height":0,"ocean_menu_typo_line_height_tablet":0,"ocean_menu_typo_line_height_mobile":0,"ocean_menu_typo_line_height_unit":"","ocean_menu_typo_spacing":0,"ocean_menu_typo_spacing_tablet":0,"ocean_menu_typo_spacing_mobile":0,"ocean_menu_typo_spacing_unit":"","ocean_menu_link_color":"","ocean_menu_link_color_hover":"","ocean_menu_link_color_active":"","ocean_menu_link_background":"","ocean_menu_link_hover_background":"","ocean_menu_link_active_background":"","ocean_menu_social_links_bg":"","ocean_menu_social_hover_links_bg":"","ocean_menu_social_links_color":"","ocean_menu_social_hover_links_color":"","ocean_disable_title":"default","ocean_disable_heading":"default","ocean_post_title":"","ocean_post_subheading":"","ocean_post_title_style":"","ocean_post_title_background_color":"","ocean_post_title_background":0,"ocean_post_title_bg_image_position":"","ocean_post_title_bg_image_attachment":"","ocean_post_title_bg_image_repeat":"","ocean_post_title_bg_image_size":"","ocean_post_title_height":0,"ocean_post_title_bg_overlay":0.5,"ocean_post_title_bg_overlay_color":"","ocean_disable_breadcrumbs":"default","ocean_breadcrumbs_color":"","ocean_breadcrumbs_separator_color":"","ocean_breadcrumbs_links_color":"","ocean_breadcrumbs_links_hover_color":"","ocean_display_footer_widgets":"default","ocean_display_footer_bottom":"default","ocean_custom_footer_template":"","footnotes":""},"class_list":["post-1395","page","type-page","status-publish","hentry","entry","owp-thumbs-layout-horizontal","owp-btn-big","owp-tabs-layout-vertical","has-no-thumbnails","has-product-nav"],"_links":{"self":[{"href":"https:\/\/clubperfora.com\/index.php\/wp-json\/wp\/v2\/pages\/1395","targetHints":{"allow":["GET"]}}],"collection":[{"href":"https:\/\/clubperfora.com\/index.php\/wp-json\/wp\/v2\/pages"}],"about":[{"href":"https:\/\/clubperfora.com\/index.php\/wp-json\/wp\/v2\/types\/page"}],"author":[{"embeddable":true,"href":"https:\/\/clubperfora.com\/index.php\/wp-json\/wp\/v2\/users\/1"}],"replies":[{"embeddable":true,"href":"https:\/\/clubperfora.com\/index.php\/wp-json\/wp\/v2\/comments?post=1395"}],"version-history":[{"count":0,"href":"https:\/\/clubperfora.com\/index.php\/wp-json\/wp\/v2\/pages\/1395\/revisions"}],"wp:attachment":[{"href":"https:\/\/clubperfora.com\/index.php\/wp-json\/wp\/v2\/media?parent=1395"}],"curies":[{"name":"wp","href":"https:\/\/api.w.org\/{rel}","templated":true}]}}